be t(-9). Let r = 4 + o. List the prime factors of r/(-8)*(-8 - (-4 - 0)).
11
Let s = 286 - 284. Suppose 96 = s*o + 2*y, -y - 182 = -2*o - 2*o. What are the prime factors of o?
2, 23
Let r be (-4 - -2)/4 - (819/(-42) - -16). Suppose 10 = -5*f, 10 = -2*j - 3*f - 2*f. Suppose r*z - 324 - 39 = j. List the prime factors of z.
11
Let q(a) = -a**3 - 15*a**2 + 43*a + 130. Let t be q(-17). What are the prime factors of (t + 1)/(12 + (-7686)/639)?
11, 71
Suppose -1341*f = 3*t - 1336*f - 67692, -6*t - f + 135438 = 0. List the prime factors of t.
2, 11287
Let x be ((-36)/48)/(2/(-176)). Let o = 378 + -378. Suppose o*y = 3*y - x. What are the prime factors of y?
2, 11
Let x = -2091 - -8162. What are the prime factors of x?
13, 467
Let q(m) = 5*m**2 + 151*m + 2172. List the prime factors of q(-62).
2, 3, 5, 401
Let l = 466 + -231. Let y = 84 + l. What are the prime factors of y?
11, 29
Suppose 19*f - 258649 = 890927. What are the prime factors of f?
2, 3, 2521
Let h(u) = 49*u - 27. Let v(l) = 16*l - 4. Let o(f) = 3*h(f) - 8*v(f). Let t be 26/3 - (-2)/6. List the prime factors of o(t).
2, 61
Let r(q) = -5517*q + 4. Let o be r(1). Let h = o + 9241. Suppose 14*s - h = -2*s. What are the prime factors of s?
233
Suppose -10*c = -21*c + 676566. What are the prime factors of (c/45 - 1) + 12/10?
1367
Suppose 8*f + 235 = -149. What are the prime factors of (-10 + 35008/f)/(4/(-6))?
1109
Suppose a + 2*a = 2*s - 20, 5*s - 50 = -5*a. Let i be (6/5 + 0)/((-4)/s). What are the prime factors of i*(2196/(-81))/((-2)/(-3))?
2, 61
Let f(b) = 2*b**2 - 27*b - 44. Let w be f(15). List the prime factors of ((-1)/w)/((-23)/15893).
691
Let f be (6/15 + (-45)/50)*0. Suppose f*w + 1310 = 5*w. What are the prime factors of w?
2, 131
Let j(o) = 53*o + 18. Let i be j(-6). List the prime factors of (387/5)/((-90)/i).
2, 3, 43
Suppose 108 = -3*r + 3*s, 2*s = -2*r - 3*s - 72. Let c be (r/(-10))/(((-3)/15)/(-1)). Suppose 16*b - c*b = -156. List the prime factors of b.
2, 3, 13
Let h(j) be the first derivative of -j**3/3 - j**2 + 7*j - 2. Let i be h(-3). Suppose -i*x - 78 + 322 = 0. List the prime factors of x.
61
Let j = -63 + -245. Let v be (-6)/39 + j/26. List the prime factors of 16/v*3 - -107.
103
Let h be ((-5)/(70/4))/((-2)/14). Suppose -h*d - 3*d - m + 2 = 0, -d + m = 2. Suppose d = 4*i + 2*v - v - 139, -138 = -4*i - 2*v. List the prime factors of i.
5, 7
Let m(f) = 1109*f - 8604. List the prime factors of m(38).
2, 41, 409
Suppose -v + 0*v = 1. Let m be 2/(v + 318/314). Suppose m = 3*r + 4*s, 5*r + 2*s - 3*s - 231 = 0. List the prime factors of r.
47
What are the prime factors of 525/35 - (-2 - 28541)?
2, 109, 131
List the prime factors of (-4 + -6698)/(-4 - (-39)/12).
2, 1117
Let w(c) = 14*c**2 + 155*c + 148. List the prime factors of w(-36).
2, 7, 227
Suppose 3*r = -13859 + 117824. What are the prime factors of r?
5, 29, 239
Let h = 19 + -20. Let p(n) = -4*n**3 + 5*n**2 + 12*n - 22. Let u(w) = w**3 - w + 1. Let z(f) = h*p(f) - 5*u(f). What are the prime factors of z(-7)?
2, 41
Let f be 2 + -13 - -14 - (-134)/(-1). Let i = 1121 + f. What are the prime factors of i?
2, 3, 5, 11
Let z be (-12)/8 + -4 + (-845)/(-10). Suppose r = 5*w + 97, z = r + 2*w + 2*w. What are the prime factors of r?
3, 29
Let s(i) = 79*i**2 + i - 2. Let w = -26 + 11. Let l(a) = a**2 + 16*a + 16. Let k be l(w). What are the prime factors of s(k)?
2, 3, 13
Let g(i) = 28*i + 6. Let m(s) = -29*s - 5. Let x(o) = -2*g(o) - 3*m(o). Let r be 1/6 + 17/6. List the prime factors of x(r).
2, 3
What are the prime factors of 88*1425/90*3/2?
2, 5, 11, 19
Suppose -1904056 = -618*n + 376*n. List the prime factors of n.
2, 7, 281
Let x = 2377 + -176. Suppose 5*m + 3*q - 2202 = 5*q, -q - x = -5*m. Suppose 0 = f + a - 80, -5*f + 3*a + m = -2*a. What are the prime factors of f?
2, 3, 7
Let w(v) = -3*v**3 + v**3 + 789*v**2 + 2*v - 9 - 800*v**2. List the prime factors of w(-8).
5, 59
Suppose -4*s = -10*s - 264. Let x = -46 - s. List the prime factors of (1 - -5) + x + 43.
47
Suppose 7*v + 11 = 25. Suppose 2*m + 4*n - 20 = 0, v*m + m = 2*n + 54. Suppose -6*f - 830 = -m*f. List the prime factors of f.
83
Let l = 52346 + -47898. List the prime factors of l.
2, 139
Let o = 5650 + 878. List the prime factors of o.
2, 3, 17
Suppose 8*q - 45 = 3. Suppose -q*w = 364 - 2770. List the prime factors of w.
401
Suppose 2*q - 1 + 4 = -i, 0 = 4*q + 4*i + 12. Suppose 23*z + 6896 - 46939 = q. List the prime factors of z.
1741
Let l(r) be the third derivative of r**6/120 - r**5/4 - 35*r**4/24 + 5*r**3/2 - 21*r**2. Let c be l(17). List the prime factors of -6 + 7 + 0 + (-160)/c.
3
Let b(z) be the first derivative of -32 + 1/4*z**4 + 1/2*z**2 - 8/3*z**3 - 3*z. What are the prime factors of b(8)?
5
Suppose 0 = -33*m - 20*m - 23*m + 200488. List the prime factors of m.
2, 1319
Let c(k) = 923*k**2 + 129*k + 374. What are the prime factors of c(-3)?
2, 11, 13, 29
Suppose 279*t - 2269309 - 458525 = 85*t. List the prime factors of t.
3, 43, 109
Let x(a) = -a**3 + 2*a**2 - 3*a - 34. Let d(y) = -y**2. Let i(t) = 5*d(t) - x(t). List the prime factors of i(8).
2, 61
Let t(y) be the first derivative of y**3 + 10*y**2 - 68*y - 207. List the prime factors of t(10).
2, 3
Let i = 212 + 220. Let k = -203 + i. List the prime factors of k.
229
Suppose d + 2*g + 13 = 4, -4*d - g = 8. Let k be 2/(-3) - d - (-2580)/36. Suppose -2142 = -9*r - k. What are the prime factors of r?
2, 5, 23
Suppose 804*z - 1542543 = 763*z. What are the prime factors of z?
3, 12541
Suppose -l = m + 4*m - 64, 3*l = 2*m - 12. Suppose -14*v + m*v = -438. What are the prime factors of v?
3, 73
Let m be 124/(-279) + (-80)/(-18). Let r(i) = 227*i + 12. Let t be r(m). Suppose 0 = 3*u + 2*y - 391 - 304, 4*u - t = -y. What are the prime factors of u?
229
Suppose 0 = 2*k - 7*k + 440. Let c = -86 + k. List the prime factors of (2 + -1)*((-274)/(-2) + c).
139
Let w(x) = x**3 - 13*x**2 + 23*x - 7. Let j be w(13). Let o = j - 136. Let b = -86 + o. What are the prime factors of b?
2, 5, 7
Suppose -88289 = -5*d + z, 0 = 4*d + 4*z - 2*z - 70648. List the prime factors of d.
17659
Let w(k) = -k**2 - 2*k + 83. Let i be ((-3)/(-2))/(1/2). Suppose -9*l = -i*l. What are the prime factors of w(l)?
83
Let h = -928 + 514. Let q be (-4)/(4/(-193))*-1. Let y = q - h. List the prime factors of y.
13, 17
Suppose -3*x = 5*v - 99913, -48069 = -4*v + x + 31875. What are the prime factors of v?
5, 7, 571
Suppose 121103 = 71*i - 253351. List the prime factors of i.
2, 3, 293
Suppose 8*c + 5*f = 306756, -f - 38322 = -c + 4*f. What are the prime factors of c?
2, 19, 1009
What are the prime factors of -1 - ((-16)/(-128) - 3163/(-8)*-3)?
3, 5, 79
Let z = 179 - 169. Suppose 85 - z = 5*h. What are the prime factors of h?
3, 5
Let f(a) = -a**3 + 4*a + 16403. List the prime factors of f(0).
47, 349
Let q(v) = -10 - 32*v - 13 + 5 + 9*v. Let o be 45/10*(-12)/18. List the prime factors of q(o).
3, 17
Let c(n) = n**3 - 12*n**2 - 61*n - 47. Let w be c(20). Let f = w - 1016. What are the prime factors of f?
7, 131
Let i = 15 + 5. Suppose -r = 3*r - i. Suppose j - 73 = -4*k, 2*k = r*j - 348 - 17. What are the prime factors of j?
73
Let k(v) = 3*v - 14. Let h be k(5). Let g be h*((-8)/(-4) + 0). Suppose -g*p = 4*p - 582. What are the prime factors of p?
97
Let c = 5912 + -5912. Let n = -3 + 8. Suppose -a - n*v = -37, 2*a + c*v - v = 30. List the prime factors of a.
17
Suppose 5*u - 25940 = -a, -2*u - 18192 = -a + 7755. List the prime factors of a.
5, 5189
Let o = -3236 + 3860. What are the prime factors of o?
2, 3, 13
Suppose 11*c = 306 + 35. Let n(w) = 2*w**2 - 6*w + 3. Let t be n(-6). Let v = c + t. List the prime factors of v.
2, 71
Let s = 993 + -368. Let c = s + -50. What are the prime factors of c?
5, 23
Let d be (-18)/(-4) + 6/24*-2. Suppose 3*p + 5*q - d*q - 106 = 0, 2*p - 5*q - 82 = 0. Let a = p + 34. List the prime factors of a.
2, 5, 7
Let n = 22899 + -6750. What are the prime factors of n?
3, 7, 769
Let q(t) = -t**3 + 11*t**2 - 31*t + 204. Let k be q(10). What are the prime factors of (16/k)/(-6*3/513)?
2, 19
Suppose -43*o + 476113 + 44608 - 30134 = 0. List the prime factors of o.
3, 3803
Let x(y) = 1661*y - 1542. List the prime factors of x(5).
6763
Suppose 39*w - 152836 = 37*w - 2*q, -3*w + 2*q = -229279. What are the prime 